7*q + 152 = -3*q. Let z = q + -16. Let a(t) = -55*t**3 + 2*t + 2. Let d be a(-1). What is the highest common factor of z and d?
11
Let b(j) = 0*j + 0*j - 2*j + 7 - j**3 + 2*j**3 - 3*j**2. Let y be b(-5). Let m = 281 + y. Calculate the greatest common divisor of 14 and m.
14
Suppose 36 = 10*q - 154. What is the greatest common factor of 266 and q?
19
Let c(b) = b + 1. Let d be c(-9). Let j = d + 17. What is the greatest common divisor of j and 6?
3
Suppose 0 = 2*k + k - 78. Suppose 4*u - 2*c = 54, 15 + k = 3*u - c. Calculate the greatest common factor of 98 and u.
14
Let q(j) = j**2 + 12*j + 16. Let p be q(-11). Suppose 0 = v - p*v + 76. What is the greatest common factor of v and 133?
19
Suppose -45 + 445 = 5*t. What is the greatest common factor of t and 40?
40
Suppose 153 = -4*v + 65. Let k = 12 + v. Let w = 2 - k. What is the highest common divisor of w and 18?
6
Suppose -4*u - n + 33 = 0, -3*n + 5 = -2*u + 32. What is the greatest common factor of 9 and u?
9
Suppose -g + 0*g = -3. Suppose g*p = -n - 1 + 33, p + 5*n - 20 = 0. Calculate the greatest common divisor of p and 110.
10
Suppose 3*c = i - 94, -4*i + 5*c = 2*c - 349. What is the greatest common factor of 34 and i?
17
Let d = 36 - 25. What is the highest common factor of d and 121?
11
Suppose 3*w + 18 = 6*w. Let u(a) = -a**3 + 10*a**2 - 4. Let l be u(w). Calculate the highest common factor of l and 20.
20
Suppose 2*u - 30 = -2*x, -4*x + 0*x + 30 = u. Let o = 64 + 36. Calculate the highest common factor of o and u.
10
Let v be 7/2*120/42. What is the highest common factor of 30 and v?
10
Let w(a) = 7*a - 5. Let r be w(15). Calculate the greatest common divisor of 250 and r.
50
Let o be (24/(-15))/(3/15). Let g = o + 5. Let a be (26/g)/((-2)/6). What is the highest common divisor of a and 65?
13
Let s be 0 + 14*12 + -2. Let f be s/10 + 6/(-10). Calculate the highest common factor of 144 and f.
16
Let b be 20/12*6/1. Calculate the highest common factor of 110 and b.
10
Let t(f) = 6*f + 3. Let z(l) = -5*l - 3. Let c(m) = -4*t(m) - 5*z(m). Let b be c(3). What is the greatest common divisor of 15 and b?
3
Let o = -4 + 6. Suppose n + 2*t - 72 = 0, -o*n - t + 144 = 4*t. What is the greatest common factor of 24 and n?
24
Suppose -3*b - 2 - 1 = 0, 2*z = -3*b + 3. Suppose z*j = -15 + 75. Let a be 2/4*j/2. What is the greatest common factor of a and 40?
5
Let b(h) = 4*h - 9. Let s be b(5). Suppose 0 = w - 0*w - 44. What is the greatest common divisor of s and w?
11
Suppose g - 109 = 232. What is the highest common divisor of 31 and g?
31
Let r(j) = 10*j**3 + j - 1. Let f be r(1). Suppose -y = -5*y + 5*z + 40, f = y - 4*z. Let h = y + 46. Calculate the highest common factor of h and 8.
8
Suppose -s - 22 = s. Let d = s - -15. Suppose -8 = -h - 4*u + 12, 38 = d*h + 2*u. What is the greatest common factor of h and 2?
2
Let b(o) = 21*o + 12. Let a be b(4). Calculate the greatest common factor of 6 and a.
6
Suppose 0 = -3*x - 4*l + 190, -x - 2*x - 2*l = -200. What is the greatest common factor of 10 and x?
10
Suppose -7 = -q - j, -3*q + 3*j = -j - 42. Suppose -f + 120 = 2*f. What is the greatest common divisor of q and f?
10
Suppose -31 = -12*i + 41. What is the greatest common factor of i and 3?
3
Let k(n) = -n**3 - 4*n**2 + 5*n + 5. Let g be k(-4). Let v = 7 - g. Calculate the greatest common divisor of v and 33.
11
Let g(v) = -46*v + 2. Let y be g(-1). Calculate the greatest common divisor of 32 and y.
16
Suppose 3*v - 8*v = 0. Suppose v*p = -2*p + 4. Let r = 18 + p. Calculate the highest common factor of r and 30.
10
Suppose 3*r = 2*s - 5*s + 6, -r - 2*s + 3 = 0. What is the highest common factor of r and 1?
1
Suppose -5*p - 9 = -54. Let o = 54 + -9. Calculate the greatest common divisor of o and p.
9
Suppose -2*q + 21 + 1 = 0. Calculate the greatest common divisor of q and 99.
11
Let n be ((-2)/(-4))/((-6)/36). Let j be 7 - ((-3)/n - 1). Let u be (-1 - 1) + j*4. What is the greatest common factor of u and 65?
13
Suppose -o - o + 155 = -s, -4*s + 316 = 4*o. Calculate the greatest common divisor of o and 26.
26
Let d be -3 + 0 - (-4)/2. Let y = d + 9. Suppose -4*h - 3 = -19. What is the highest common factor of h and y?
4
Let g = 29 - -19. Calculate the highest common factor of 32 and g.
16
Suppose 16*r - 20*r + 96 = 0. Calculate the highest common divisor of r and 6.
6
Suppose -5*m + 75 = -j, j - 18 = -2*m - j. Let v = m - -50. Let z(s) = s**2 - s + 16. Let q be z(0). Calculate the greatest common divisor of v and q.
16
Let p be 2/(2 - (-11)/(-6)). Suppose 19 = k + 3*k - 5*s, 3*k - 3*s = p. Let r be (10/8)/(k/8). Calculate the highest common divisor of r and 25.
5
Let s(v) = -7*v**3 - 2*v**2 - 2*v - 1. Let d be ((-10)/15)/((-1)/(-3)). Let a be s(d). What is the highest common divisor of a and 17?
17
Let b = 13 + 3. Let z be (-1)/4 - 54/(-24). What is the highest common divisor of z and b?
2
Let t(h) = -h**3 - 6*h**2 - h - 4. Let m be t(-6). Suppose 23 = 4*b - 1. What is the highest common factor of b and m?
2
Suppose 3*l + 28 = 2*h, 2*h - 3*h = l - 4. Calculate the highest common factor of h and 40.
8
Suppose 3*c - 8 - 7 = 0, 4*f - 9 = 3*c. Let a = 91 + -43. Calculate the greatest common divisor of a and f.
6
Suppose 0 = 5*y - 7 + 2. Suppose m - 7 = y. What is the greatest common divisor of 88 and m?
8
Suppose 0 = 2*r - 2*g + 6*g - 280, 2*g + 256 = 2*r. Suppose 2*a = -a + r. What is the highest common factor of 66 and a?
22
Let x = -17 - -38. What is the greatest common factor of 21 and x?
21
Let s = -1 - -52. What is the greatest common factor of s and 17?
17
Let p(b) be the first derivative of b**4/4 + 10*b**3/3 - 4*b**2 + b + 7. Let i be p(-10). What is the highest common divisor of 9 and i?
9
Suppose 3*p + 5 = -1. Let c be (-9)/6*(0 + p). Calculate the greatest common factor of 21 and c.
3
Let i = 4 + -3. What is the highest common divisor of i and 4?
1
Suppose 3*y + 2*y = 90. Calculate the highest common divisor of y and 2.
2
Let k be (7 + -2 - 4)*(15 - 1). What is the greatest common factor of k and 112?
14
Let s = 947 - 1452. Let q = s + 730. Calculate the greatest common factor of q and 25.
25
Let g(v) = -v**3 + v**2 - v + 3. Let y be g(0). Let w(q) = 2*q - 2. Let l be w(6). Let u = l - y. What is the greatest common divisor of u and 77?
7
Let a(p) = 15*p**2 - 2. Let u(i) = -7*i**2 + 1. Let s(x) = -6*a(x) - 13*u(x). Let c be s(-4). Let l = 24 - c. Calculate the highest common divisor of 1 and l.
1
Suppose -4*s + 28 = -12. What is the greatest common divisor of 4 and s?
2
Suppose 2*b = 5*i - 52, -i + 1 = 4*b - 5. Let k = i + -6. Let y = k - 1. What is the highest common divisor of y and 33?
3
Let l(w) = -w**3 - 2*w**2 - 2*w - 2. Suppose -11 + 1 = 5*c. Let m be l(c). Suppose t = -t + 8. What is the highest common divisor of m and t?
2
Let b(u) = u**2 - 8*u + 22. Let w be b(10). What is the highest common divisor of w and 98?
14
Let h(g) = -29*g + 70. Let i be h(2). Suppose -3*v - 108 = -5*o + v, -5*o - 3*v + 129 = 0. What is the highest common factor of o and i?
12
Let h(y) = y - 3. Let u be h(5). Calculate the highest common divisor of 2 and u.
2
Let u(m) = -6*m - 2. Let d be u(-3). Suppose 5*b + w - 54 = 2*w, -w = 2*b - d. Let i = b - 4. What is the greatest common divisor of i and 54?
6
Let y(x) = x**3 - 3*x**2 - x. Let z be y(4). Calculate the highest common divisor of z and 96.
12
Suppose -5 + 0 = -w. Let r be (4 - 18/w)*70. Calculate the highest common factor of 42 and r.
14
Let d = -4 + 6. Let r be (10/5)/(0 + d). Calculate the highest common factor of r and 1.
1
Suppose 3*q - 9 = -0*q. Suppose 5*b - 22 = -q*g, -2 - 2 = -g. Suppose -3*m + 10 = -h + 32, -4*h + 18 = b*m. What is the highest common factor of 28 and h?
7
Let d = 3 + -2. Let n be (d/(-3))/(3/(-45)). Suppose -23*v - 100 = -28*v. What is the highest common divisor of n and v?
5
Let k(m) = m**3 + m**2 + 3*m - 3. Let g be k(2). Let q be (-3)/g + (-1324)/(-20). What is the greatest common divisor of 22 and q?
22
Suppose -5*g - 3*f - 815 = 0, 0 = -g - g - 4*f - 312. Let b = 286 + g. Calculate the highest common factor of 48 and b.
24
Let s be 1 + 0 - -4 - 0. Let d be 12/18*12/2. Suppose -d*h + 6 = -14. Calculate the greatest common divisor of h and s.
5
Suppose -112 = 3*p + b, 2*b = b + 2. Let s = p - -59. What is the great